{"id":84,"date":"2017-08-16T23:47:55","date_gmt":"2017-08-16T23:47:55","guid":{"rendered":"https:\/\/anametal.com\/?page_id=84"},"modified":"2025-11-30T14:27:30","modified_gmt":"2025-11-30T11:27:30","slug":"contact-us","status":"publish","type":"page","link":"https:\/\/anametal.com\/index.php\/contact-us\/","title":{"rendered":"Contact Us"},"content":{"rendered":"<body><p><\/p>[et_pb_section fb_built=\u201d1\u2033 _builder_version=\u201d3.22.3\u2033 background_color=\u201d#333e42\u2033 custom_padding=\u201d13px|0px|0px|0px||\u201d][et_pb_row column_structure=\u201d2_5,3_5\u2033 _builder_version=\u201d3.25.3\u2033 background_size=\u201dinitial\u201d background_position=\u201dtop_left\u201d background_repeat=\u201drepeat\u201d][et_pb_column type=\u201d2_5\u2033 _builder_version=\u201d3.25\u2033 custom_padding=\u201d|||\u201d custom_padding__hover=\u201d|||\u201d][et_pb_text _builder_version=\u201d3.27.4\u2033 text_font=\u201dLato|700|||||||\u201d background_layout=\u201ddark\u201d module_alignment=\u201dcenter\u201d text_text_align=\u201dleft\u201d]\n<p>HEADOFFICE<\/p>\n<p>[\/et_pb_text][et_pb_divider color=\u201d#e02b20\u2033 divider_position=\u201dbottom\u201d _builder_version=\u201d3.25.3\u2033 min_height=\u201d7px\u201d custom_margin=\u201d-49px||1px|||\u201d custom_padding=\u201d||0px|||\u201d][\/et_pb_divider][et_pb_text _builder_version=\u201d4.4.8\u2033 text_font=\u201dLato||||||||\u201d text_font_size=\u201d13px\u201d text_line_height=\u201d1em\u201d header_font=\u201d||||||||\u201d header_text_align=\u201dleft\u201d background_layout=\u201ddark\u201d module_alignment=\u201dcenter\u201d min_height=\u201d18px\u201d custom_padding=\u201d0px||0px|||\u201d hover_enabled=\u201d0\u2033]<\/p>\n<p><strong>Adress:<\/strong> Malazgirt Mah.<\/p>\n<p>Sarayburnu Cd. No:46\/1 \u2013 403<\/p>\n<p>42070\u00a0 Selcuklu\/Konya\/Turkey<\/p>\n<p><strong>Tel\u00a0 \u00a0 \u00a0 \u00a0 \u00a0 \u00a0 \u00a0 \u00a0 \u00a0 \u00a0 :<\/strong> 90 332 410 65 23<\/p>\n<p><strong>WhatsApp\u00a0 :<\/strong> 90 332 410 65 23<\/p>\n<p><strong>Email\u00a0 \u00a0 \u00a0 \u00a0 \u00a0 \u00a0 \u00a0 : <\/strong>sales@anametal.com<\/p>\n<p>[\/et_pb_text][et_pb_text _builder_version=\u201d3.27.4\u2033 text_font=\u201dLato|700|||||||\u201d background_layout=\u201ddark\u201d module_alignment=\u201dcenter\u201d text_text_align=\u201dleft\u201d]<\/p>\n<p>FACTORY<\/p>\n<p>[\/et_pb_text][et_pb_divider color=\u201d#e02b20\u2033 divider_position=\u201dbottom\u201d _builder_version=\u201d3.25.3\u2033 min_height=\u201d7px\u201d custom_margin=\u201d-48px||1px|||\u201d custom_padding=\u201d||0px|||\u201d][\/et_pb_divider][et_pb_text _builder_version=\u201d4.4.8\u2033 text_font=\u201dLato||||||||\u201d text_font_size=\u201d13px\u201d text_line_height=\u201d1em\u201d header_font=\u201d||||||||\u201d header_text_align=\u201dleft\u201d background_layout=\u201ddark\u201d module_alignment=\u201dcenter\u201d min_height=\u201d35px\u201d custom_padding=\u201d0px||0px|||\u201d hover_enabled=\u201d0\u2033]<\/p>\n<p><strong>Adress:<\/strong> 1.Organize San. B\u00f6lgesi<\/p>\n<p>Gazneliler Cad. No:2<\/p>\n<p>Sincan\/Ankara\/Turkey<\/p>\n<p>E<strong>mail\u00a0\u00a0\u00a0 : <\/strong>info@anametal.com<\/p>\n<p>[\/et_pb_text][et_pb_text _builder_version=\u201d3.27.4\u2033 text_font=\u201dLato|700|||||||\u201d background_layout=\u201ddark\u201d module_alignment=\u201dcenter\u201d text_text_align=\u201dleft\u201d]<\/p>\n<p>NORTH AMERICA<\/p>\n<p>[\/et_pb_text][et_pb_divider color=\u201d#e02b20\u2033 divider_position=\u201dbottom\u201d _builder_version=\u201d3.25.3\u2033 min_height=\u201d7px\u201d custom_margin=\u201d-48px||1px|||\u201d custom_padding=\u201d||0px|||\u201d][\/et_pb_divider][et_pb_text _builder_version=\u201d4.4.8\u2033 text_font=\u201dLato||||||||\u201d text_font_size=\u201d13px\u201d text_line_height=\u201d1em\u201d header_font=\u201d||||||||\u201d header_text_align=\u201dleft\u201d background_layout=\u201ddark\u201d module_alignment=\u201dcenter\u201d min_height=\u201d18px\u201d custom_padding=\u201d0px||0px|||\u201d hover_enabled=\u201d0\u2033]<\/p>\n<p><strong>Yalda Trading Inc.<\/strong><\/p>\n<p><strong>Adress:<\/strong> 121 McMahon Drive<\/p>\n<p>Toronto\/Canada<\/p>\n<p><strong>Tel\u00a0 \/ CA\u00a0 \u00a0 \u00a0 \u00a0 :\u00a0<\/strong>+1 647 470 13 55<\/p>\n<p>E<strong>mail\u00a0 \u00a0 \u00a0 \u00a0 \u00a0 \u00a0 \u00a0 : <\/strong>northamerica@anametal.com<\/p>\n<p>[\/et_pb_text][\/et_pb_column][et_pb_column type=\u201d3_5\u2033 _builder_version=\u201d3.25\u2033 custom_padding=\u201d|||\u201d custom_padding__hover=\u201d|||\u201d][et_pb_map address=\u201dKa\u015fgarl\u0131 Mahmut, Sarayburnu Cd. No:46, 42070 Sel\u00e7uklu\/Konya, T\u00fcrkiye\u201d address_lat=\u201d37.936583297911\u2033 address_lng=\u201d32.499890393959\u2033 _builder_version=\u201d4.4.8\u2033 custom_margin=\u201d||20px|||\u201d custom_padding=\u201d||0px|||\u201d][\/et_pb_map][et_pb_map address=\u201d121 McMahon Dr, North York, ON M2K 1C2, Kanada\u201d address_lat=\u201d43.7678966\u2033 address_lng=\u201d-79.3709684\u2033 _builder_version=\u201d3.25.3\u2033 custom_margin=\u201d||7px|||\u201d custom_padding=\u201d||0px|||\u201d][\/et_pb_map][\/et_pb_column][\/et_pb_row][et_pb_row _builder_version=\u201d3.25.3\u2033 custom_padding=\u201d||0px|||\u201d][et_pb_column type=\u201d4_4\u2033 _builder_version=\u201d3.25.3\u2033][et_pb_divider color=\u201d#e02b20\u2033 _builder_version=\u201d3.25.3\u2033][\/et_pb_divider][\/et_pb_column][\/et_pb_row][\/et_pb_section][et_pb_section fb_built=\u201d1\u2033 specialty=\u201don\u201d _builder_version=\u201d3.22.3\u2033 background_color=\u201d#333c42\u2033 custom_padding=\u201d0px|0px|0px|0px||\u201d][et_pb_column type=\u201d1_2\u2033 specialty_columns=\u201d2\u2033 _builder_version=\u201d3.25\u2033 custom_padding=\u201d|||\u201d custom_padding__hover=\u201d|||\u201d][et_pb_row_inner _builder_version=\u201d3.25\u2033 custom_padding=\u201d29.6875px|0px|28px|0px\u201d][et_pb_column_inner saved_specialty_column_type=\u201d1_2\u2033 _builder_version=\u201d3.25\u2033 custom_padding=\u201d|||\u201d custom_padding__hover=\u201d|||\u201d][et_pb_text disabled_on=\u201don||\u201d _builder_version=\u201d3.27.4\u2033 text_font=\u201dLato||||||||\u201d background_layout=\u201ddark\u201d]<\/p>\n<h2><img data-recalc-dims=\"1\" decoding=\"async\" class=\"alignnone wp-image-1768 size-medium\" src=\"https:\/\/i0.wp.com\/anametal.com\/wp-content\/uploads\/2017\/12\/anametal-logo-sb.png?resize=300%2C75&#038;ssl=1\" alt=\"Anametal Logo\" width=\"300\" height=\"75\" loading=\"lazy\" srcset=\"https:\/\/i0.wp.com\/anametal.com\/wp-content\/uploads\/2017\/12\/anametal-logo-sb.png?resize=300%2C75&amp;ssl=1 300w, https:\/\/i0.wp.com\/anametal.com\/wp-content\/uploads\/2017\/12\/anametal-logo-sb.png?w=567&amp;ssl=1 567w\" sizes=\"auto, (max-width: 300px) 100vw, 300px\" \/><\/h2>\n<h2>We are Committed,<\/h2>\n<h2><strong>Brilliant Idea , Correct Design and Perfect Manufacturing<\/strong><\/h2>\n<h4>Focused on the worldwide need for display rack system solutions, <em>Anametal Display Rack Systems\u00a0<\/em>specializes in developing and marketing environmentally-friendly display rack system solutions for Carpet Display Racks ,Ceramic Tile Racks, Mattress Display Racks including Pillow Display Racks , Textile Display Racks, Curtain Display Racks.<\/h4>\n<h4>Our products are guaranteed with the necessary quality certificates . Our flexible manufacturing which is provided with special design and all of our projects, with our facility who has trained , experienced and powerful staff , aim to provide more easily services to our customers.<\/h4>\n<p>[\/et_pb_text][\/et_pb_column_inner][\/et_pb_row_inner][\/et_pb_column][et_pb_column type=\u201d1_2\u2033 _builder_version=\u201d3.25\u2033 custom_padding=\u201d|||\u201d custom_padding__hover=\u201d|||\u201d][et_pb_contact_form captcha=\u201doff\u201d email=\u201dsales@anametal.com\u201d title=\u201dContact Us For Further Information\u201d success_message=\u201dThanks for contacting us! We will be in touch with you shortly.\u201d submit_button_text=\u201dSend\u201d module_id=\u201det_pb_contact_form_0\u2033 _builder_version=\u201d3.23\u2033 form_field_background_color=\u201d#ffffff\u201d form_field_text_color=\u201d#343e42\u2033 title_level=\u201dh3\u2033 title_font=\u201dLato|700|||||||\u201d title_text_color=\u201d#ffffff\u201d title_font_size=\u201d20px\u201d form_field_font=\u201dLato||||||||\u201d form_field_line_height=\u201d1em\u201d custom_button=\u201don\u201d button_text_color=\u201d#ffffff\u201d button_bg_color=\u201d#9b2321\u2033 button_border_color=\u201d#9b2321\u2033 button_border_radius=\u201d8\u2033 button_font=\u201dLato||||||||\u201d button_icon=\u201d%%153%%\u201d button_icon_color=\u201d#ffffff\u201d max_width=\u201d85%\u201d border_radii=\u201d|5px|5px|5px|5px\u201d form_background_color=\u201d#ffffff\u201d saved_tabs=\u201dall\u201d button_text_color_hover=\u201d#ffffff\u201d button_bg_color_hover=\u201d#9b2321\u2033 button_border_color_hover=\u201d#9b2321\u2033 button_border_radius_hover=\u201d8\u2033][et_pb_contact_field field_id=\u201dFirst_Name\u201d field_title=\u201dFirst Name\u201d allowed_symbols=\u201dletters\u201d _builder_version=\u201d3.16\u2033 form_field_font=\u201d||||||||\u201d button_text_size__hover_enabled=\u201doff\u201d button_one_text_size__hover_enabled=\u201doff\u201d button_two_text_size__hover_enabled=\u201doff\u201d button_text_color__hover_enabled=\u201doff\u201d button_one_text_color__hover_enabled=\u201doff\u201d button_two_text_color__hover_enabled=\u201doff\u201d button_border_width__hover_enabled=\u201doff\u201d button_one_border_width__hover_enabled=\u201doff\u201d button_two_border_width__hover_enabled=\u201doff\u201d button_border_color__hover_enabled=\u201doff\u201d button_one_border_color__hover_enabled=\u201doff\u201d button_two_border_color__hover_enabled=\u201doff\u201d button_border_radius__hover_enabled=\u201doff\u201d button_one_border_radius__hover_enabled=\u201doff\u201d button_two_border_radius__hover_enabled=\u201doff\u201d button_letter_spacing__hover_enabled=\u201doff\u201d button_one_letter_spacing__hover_enabled=\u201doff\u201d button_two_letter_spacing__hover_enabled=\u201doff\u201d button_bg_color__hover_enabled=\u201doff\u201d button_one_bg_color__hover_enabled=\u201doff\u201d button_two_bg_color__hover_enabled=\u201doff\u201d][\/et_pb_contact_field][et_pb_contact_field field_id=\u201dLast_Name\u201d field_title=\u201dLast Name\u201d allowed_symbols=\u201dletters\u201d _builder_version=\u201d3.16\u2033 form_field_font=\u201d||||||||\u201d button_text_size__hover_enabled=\u201doff\u201d button_one_text_size__hover_enabled=\u201doff\u201d button_two_text_size__hover_enabled=\u201doff\u201d button_text_color__hover_enabled=\u201doff\u201d button_one_text_color__hover_enabled=\u201doff\u201d button_two_text_color__hover_enabled=\u201doff\u201d button_border_width__hover_enabled=\u201doff\u201d button_one_border_width__hover_enabled=\u201doff\u201d button_two_border_width__hover_enabled=\u201doff\u201d button_border_color__hover_enabled=\u201doff\u201d button_one_border_color__hover_enabled=\u201doff\u201d button_two_border_color__hover_enabled=\u201doff\u201d button_border_radius__hover_enabled=\u201doff\u201d button_one_border_radius__hover_enabled=\u201doff\u201d button_two_border_radius__hover_enabled=\u201doff\u201d button_letter_spacing__hover_enabled=\u201doff\u201d button_one_letter_spacing__hover_enabled=\u201doff\u201d button_two_letter_spacing__hover_enabled=\u201doff\u201d button_bg_color__hover_enabled=\u201doff\u201d button_one_bg_color__hover_enabled=\u201doff\u201d button_two_bg_color__hover_enabled=\u201doff\u201d][\/et_pb_contact_field][et_pb_contact_field field_id=\u201dEmail_2\u2033 field_title=\u201dEmail\u201d field_type=\u201demail\u201d _builder_version=\u201d3.16\u2033 form_field_font=\u201d||||||||\u201d button_text_size__hover_enabled=\u201doff\u201d button_one_text_size__hover_enabled=\u201doff\u201d button_two_text_size__hover_enabled=\u201doff\u201d button_text_color__hover_enabled=\u201doff\u201d button_one_text_color__hover_enabled=\u201doff\u201d button_two_text_color__hover_enabled=\u201doff\u201d button_border_width__hover_enabled=\u201doff\u201d button_one_border_width__hover_enabled=\u201doff\u201d button_two_border_width__hover_enabled=\u201doff\u201d button_border_color__hover_enabled=\u201doff\u201d button_one_border_color__hover_enabled=\u201doff\u201d button_two_border_color__hover_enabled=\u201doff\u201d button_border_radius__hover_enabled=\u201doff\u201d button_one_border_radius__hover_enabled=\u201doff\u201d button_two_border_radius__hover_enabled=\u201doff\u201d button_letter_spacing__hover_enabled=\u201doff\u201d button_one_letter_spacing__hover_enabled=\u201doff\u201d button_two_letter_spacing__hover_enabled=\u201doff\u201d button_bg_color__hover_enabled=\u201doff\u201d button_one_bg_color__hover_enabled=\u201doff\u201d button_two_bg_color__hover_enabled=\u201doff\u201d][\/et_pb_contact_field][et_pb_contact_field field_id=\u201dPhone\u201d field_title=\u201dPhone\u201d allowed_symbols=\u201dnumbers\u201d _builder_version=\u201d3.16\u2033 form_field_font=\u201d||||||||\u201d button_text_size__hover_enabled=\u201doff\u201d button_one_text_size__hover_enabled=\u201doff\u201d button_two_text_size__hover_enabled=\u201doff\u201d button_text_color__hover_enabled=\u201doff\u201d button_one_text_color__hover_enabled=\u201doff\u201d button_two_text_color__hover_enabled=\u201doff\u201d button_border_width__hover_enabled=\u201doff\u201d button_one_border_width__hover_enabled=\u201doff\u201d button_two_border_width__hover_enabled=\u201doff\u201d button_border_color__hover_enabled=\u201doff\u201d button_one_border_color__hover_enabled=\u201doff\u201d button_two_border_color__hover_enabled=\u201doff\u201d button_border_radius__hover_enabled=\u201doff\u201d button_one_border_radius__hover_enabled=\u201doff\u201d button_two_border_radius__hover_enabled=\u201doff\u201d button_letter_spacing__hover_enabled=\u201doff\u201d button_one_letter_spacing__hover_enabled=\u201doff\u201d button_two_letter_spacing__hover_enabled=\u201doff\u201d button_bg_color__hover_enabled=\u201doff\u201d button_one_bg_color__hover_enabled=\u201doff\u201d button_two_bg_color__hover_enabled=\u201doff\u201d][\/et_pb_contact_field][et_pb_contact_field field_id=\u201dCompany\u201d field_title=\u201dCompany\u201d allowed_symbols=\u201dletters\u201d required_mark=\u201doff\u201d fullwidth_field=\u201don\u201d _builder_version=\u201d3.16\u2033 form_field_font=\u201d||||||||\u201d max_width_tablet=\u201d100%\u201d max_width_phone=\u201d100%\u201d button_text_size__hover_enabled=\u201doff\u201d button_one_text_size__hover_enabled=\u201doff\u201d button_two_text_size__hover_enabled=\u201doff\u201d button_text_color__hover_enabled=\u201doff\u201d button_one_text_color__hover_enabled=\u201doff\u201d button_two_text_color__hover_enabled=\u201doff\u201d button_border_width__hover_enabled=\u201doff\u201d button_one_border_width__hover_enabled=\u201doff\u201d button_two_border_width__hover_enabled=\u201doff\u201d button_border_color__hover_enabled=\u201doff\u201d button_one_border_color__hover_enabled=\u201doff\u201d button_two_border_color__hover_enabled=\u201doff\u201d button_border_radius__hover_enabled=\u201doff\u201d button_one_border_radius__hover_enabled=\u201doff\u201d button_two_border_radius__hover_enabled=\u201doff\u201d button_letter_spacing__hover_enabled=\u201doff\u201d button_one_letter_spacing__hover_enabled=\u201doff\u201d button_two_letter_spacing__hover_enabled=\u201doff\u201d button_bg_color__hover_enabled=\u201doff\u201d button_one_bg_color__hover_enabled=\u201doff\u201d button_two_bg_color__hover_enabled=\u201doff\u201d][\/et_pb_contact_field][et_pb_contact_field field_id=\u201dCountry\u201d field_title=\u201dCountry\u201d allowed_symbols=\u201dletters\u201d required_mark=\u201doff\u201d fullwidth_field=\u201don\u201d _builder_version=\u201d3.16\u2033 form_field_font=\u201d||||||||\u201d max_width_tablet=\u201d100%\u201d max_width_phone=\u201d100%\u201d button_text_size__hover_enabled=\u201doff\u201d button_one_text_size__hover_enabled=\u201doff\u201d button_two_text_size__hover_enabled=\u201doff\u201d button_text_color__hover_enabled=\u201doff\u201d button_one_text_color__hover_enabled=\u201doff\u201d button_two_text_color__hover_enabled=\u201doff\u201d button_border_width__hover_enabled=\u201doff\u201d button_one_border_width__hover_enabled=\u201doff\u201d button_two_border_width__hover_enabled=\u201doff\u201d button_border_color__hover_enabled=\u201doff\u201d button_one_border_color__hover_enabled=\u201doff\u201d button_two_border_color__hover_enabled=\u201doff\u201d button_border_radius__hover_enabled=\u201doff\u201d button_one_border_radius__hover_enabled=\u201doff\u201d button_two_border_radius__hover_enabled=\u201doff\u201d button_letter_spacing__hover_enabled=\u201doff\u201d button_one_letter_spacing__hover_enabled=\u201doff\u201d button_two_letter_spacing__hover_enabled=\u201doff\u201d button_bg_color__hover_enabled=\u201doff\u201d button_one_bg_color__hover_enabled=\u201doff\u201d button_two_bg_color__hover_enabled=\u201doff\u201d][\/et_pb_contact_field][et_pb_contact_field field_id=\u201dProducts\u201d field_title=\u201dPlease Select a Product Group\u201d field_type=\u201dselect\u201d select_options=\u201d%91{%22value%22:%22Carpet Display Racks%22,%22checked%22:0},{%22value%22:%22Ceramic Tile Display Racks%22,%22checked%22:0},{%22value%22:%22Mattress Display Racks%22,%22checked%22:0}%93\u2033 required_mark=\u201doff\u201d fullwidth_field=\u201don\u201d _builder_version=\u201d3.16\u2033 form_field_font=\u201d||||||||\u201d max_width_tablet=\u201d100%\u201d max_width_phone=\u201d100%\u201d button_text_size__hover_enabled=\u201doff\u201d button_one_text_size__hover_enabled=\u201doff\u201d button_two_text_size__hover_enabled=\u201doff\u201d button_text_color__hover_enabled=\u201doff\u201d button_one_text_color__hover_enabled=\u201doff\u201d button_two_text_color__hover_enabled=\u201doff\u201d button_border_width__hover_enabled=\u201doff\u201d button_one_border_width__hover_enabled=\u201doff\u201d button_two_border_width__hover_enabled=\u201doff\u201d button_border_color__hover_enabled=\u201doff\u201d button_one_border_color__hover_enabled=\u201doff\u201d button_two_border_color__hover_enabled=\u201doff\u201d button_border_radius__hover_enabled=\u201doff\u201d button_one_border_radius__hover_enabled=\u201doff\u201d button_two_border_radius__hover_enabled=\u201doff\u201d button_letter_spacing__hover_enabled=\u201doff\u201d button_one_letter_spacing__hover_enabled=\u201doff\u201d button_two_letter_spacing__hover_enabled=\u201doff\u201d button_bg_color__hover_enabled=\u201doff\u201d button_one_bg_color__hover_enabled=\u201doff\u201d button_two_bg_color__hover_enabled=\u201doff\u201d][\/et_pb_contact_field][et_pb_contact_field field_id=\u201dMessage\u201d field_title=\u201dMessage\u201d field_type=\u201dtext\u201d fullwidth_field=\u201don\u201d _builder_version=\u201d3.16\u2033 form_field_font=\u201d||||||||\u201d button_text_size__hover_enabled=\u201doff\u201d button_one_text_size__hover_enabled=\u201doff\u201d button_two_text_size__hover_enabled=\u201doff\u201d button_text_color__hover_enabled=\u201doff\u201d button_one_text_color__hover_enabled=\u201doff\u201d button_two_text_color__hover_enabled=\u201doff\u201d button_border_width__hover_enabled=\u201doff\u201d button_one_border_width__hover_enabled=\u201doff\u201d button_two_border_width__hover_enabled=\u201doff\u201d button_border_color__hover_enabled=\u201doff\u201d button_one_border_color__hover_enabled=\u201doff\u201d button_two_border_color__hover_enabled=\u201doff\u201d button_border_radius__hover_enabled=\u201doff\u201d button_one_border_radius__hover_enabled=\u201doff\u201d button_two_border_radius__hover_enabled=\u201doff\u201d button_letter_spacing__hover_enabled=\u201doff\u201d button_one_letter_spacing__hover_enabled=\u201doff\u201d button_two_letter_spacing__hover_enabled=\u201doff\u201d button_bg_color__hover_enabled=\u201doff\u201d button_one_bg_color__hover_enabled=\u201doff\u201d button_two_bg_color__hover_enabled=\u201doff\u201d][\/et_pb_contact_field][\/et_pb_contact_form][\/et_pb_column][\/et_pb_section]<\/p>\n<\/body>","protected":false},"excerpt":{"rendered":"<p>[et_pb_section fb_built=\u201d1\u2033 _builder_version=\u201d3.22.3\u2033 background_color=\u201d#333e42\u2033 custom_padding=\u201d13px|0px|0px|0px||\u201d][et_pb_row column_structure=\u201d2_5,3_5\u2033 _builder_version=\u201d3.25.3\u2033 background_size=\u201dinitial\u201d background_position=\u201dtop_left\u201d background_repeat=\u201drepeat\u201d][et_pb_column type=\u201d2_5\u2033 _builder_version=\u201d3.25\u2033 custom_padding=\u201d|||\u201d custom_padding__hover=\u201d|||\u201d][et_pb_text _builder_version=\u201d3.27.4\u2033 text_font=\u201dLato|700|||||||\u201d background_layout=\u201ddark\u201d module_alignment=\u201dcenter\u201d text_text_align=\u201dleft\u201d] HEADOFFICE [\/et_pb_text][et_pb_divider color=\u201d#e02b20\u2033 divider_position=\u201dbottom\u201d _builder_version=\u201d3.25.3\u2033 min_height=\u201d7px\u201d custom_margin=\u201d-49px||1px|||\u201d custom_padding=\u201d||0px|||\u201d][\/et_pb_divider][et_pb_text _builder_version=\u201d4.4.8\u2033 text_font=\u201dLato||||||||\u201d text_font_size=\u201d13px\u201d text_line_height=\u201d1em\u201d header_font=\u201d||||||||\u201d header_text_align=\u201dleft\u201d background_layout=\u201ddark\u201d module_alignment=\u201dcenter\u201d min_height=\u201d18px\u201d custom_padding=\u201d0px||0px|||\u201d hover_enabled=\u201d0\u2033] Adress: Malazgirt Mah. Sarayburnu Cd. No:46\/1 \u2013 403 42070\u00a0 Selcuklu\/Konya\/Turkey Tel\u00a0 \u00a0 \u00a0 \u00a0 \u00a0 \u00a0 \u00a0 [&hellip;]<\/p>\n","protected":false},"author":1,"featured_media":0,"parent":0,"menu_order":0,"comment_status":"closed","ping_status":"closed","template":"","meta":{"_et_pb_use_builder":"on","_et_pb_old_content":"","_et_gb_content_width":"","om_disable_all_campaigns":false,"_monsterinsights_skip_tracking":false,"_monsterinsights_sitenote_active":false,"_monsterinsights_sitenote_note":"","_monsterinsights_sitenote_category":0,"footnotes":""},"class_list":["post-84","page","type-page","status-publish","hentry"],"jetpack_sharing_enabled":true,"_links":{"self":[{"href":"https:\/\/anametal.com\/index.php\/wp-json\/wp\/v2\/pages\/84","targetHints":{"allow":["GET"]}}],"collection":[{"href":"https:\/\/anametal.com\/index.php\/wp-json\/wp\/v2\/pages"}],"about":[{"href":"https:\/\/anametal.com\/index.php\/wp-json\/wp\/v2\/types\/page"}],"author":[{"embeddable":true,"href":"https:\/\/anametal.com\/index.php\/wp-json\/wp\/v2\/users\/1"}],"replies":[{"embeddable":true,"href":"https:\/\/anametal.com\/index.php\/wp-json\/wp\/v2\/comments?post=84"}],"version-history":[{"count":5,"href":"https:\/\/anametal.com\/index.php\/wp-json\/wp\/v2\/pages\/84\/revisions"}],"predecessor-version":[{"id":2358,"href":"https:\/\/anametal.com\/index.php\/wp-json\/wp\/v2\/pages\/84\/revisions\/2358"}],"wp:attachment":[{"href":"https:\/\/anametal.com\/index.php\/wp-json\/wp\/v2\/media?parent=84"}],"curies":[{"name":"wp","href":"https:\/\/api.w.org\/{rel}","templated":true}]}}